{"id":127,"date":"2018-08-23T18:16:55","date_gmt":"2018-08-23T16:16:55","guid":{"rendered":"http:\/\/salle209.fr\/?page_id=127"},"modified":"2018-08-26T09:55:44","modified_gmt":"2018-08-26T07:55:44","slug":"organisation-du-brevet","status":"publish","type":"page","link":"https:\/\/salle209.fr\/?page_id=127","title":{"rendered":"Organisation du brevet"},"content":{"rendered":"<p>Le brevet est \u00e9valu\u00e9 sur 800 points, il faut donc 400 points pour l&rsquo;obtenir. Il est organis\u00e9 ainsi :<\/p>\n<ul>\n<li>400 points sur le travail de l&rsquo;ann\u00e9e : les professeurs valident les comp\u00e9tences en fonction de votre travail et lors du conseil de classe du troisi\u00e8me trimestre, ils \u00e9valuent ensemble les 8 domaines de comp\u00e9tences en fonction de votre ann\u00e9e. Chaque domaine est not\u00e9 sur 50 points (8 x 50 = 400) : 10 points pour \u00ab\u00a0maitrise insuffisante\u00a0\u00bb, 25 points pour \u00ab\u00a0ma\u00eetrise fragile\u00a0\u00bb, 40 points pour \u00ab\u00a0ma\u00eetrise satisfaisante\u00a0\u00bb et 50 points pour \u00ab\u00a0tr\u00e8s bonne ma\u00eetrise\u00a0\u00bb<\/li>\n<li>100 points pour l&rsquo;oral que vous pr\u00e9sentez au troisi\u00e8me trimestre : le th\u00e8me est un sujet travaill\u00e9 en classe ou un sujet libre. Si vous choisissez un sujet libre, allez voir les professeurs et autres adultes de l&rsquo;\u00e9tablissement pour \u00eatre aid\u00e9 dans la pr\u00e9paration du travail : 50 points sur la ma\u00eetrise de l&rsquo;expression orale et 50 points sur la ma\u00eetrise du sujet pr\u00e9sent\u00e9.<\/li>\n<li>\u00c9preuves finales : fran\u00e7ais (3h) sur 100 points, math\u00e9matiques (2h) sur 100 points, histoire-g\u00e9ographie (2h) sur 50 points et sciences (1h) sur 50 points.<\/li>\n<\/ul>\n<p>&nbsp;<\/p>\n<p><img loading=\"lazy\" decoding=\"async\" class=\"aligncenter wp-image-131 size-full\" src=\"http:\/\/salle209.fr\/wp-content\/uploads\/2018\/08\/dnb_infograph2018_epreuves_862770.png\" alt=\"\" width=\"344\" height=\"654\" srcset=\"https:\/\/salle209.fr\/wp-content\/uploads\/2018\/08\/dnb_infograph2018_epreuves_862770.png 344w, https:\/\/salle209.fr\/wp-content\/uploads\/2018\/08\/dnb_infograph2018_epreuves_862770-158x300.png 158w, https:\/\/salle209.fr\/wp-content\/uploads\/2018\/08\/dnb_infograph2018_epreuves_862770-184x350.png 184w, https:\/\/salle209.fr\/wp-content\/uploads\/2018\/08\/dnb_infograph2018_epreuves_862770-79x150.png 79w\" sizes=\"(max-width: 344px) 100vw, 344px\" \/><\/p>\n","protected":false},"excerpt":{"rendered":"<p>Le brevet est \u00e9valu\u00e9 sur 800 points, il faut donc 400 points pour l&rsquo;obtenir. Il est organis\u00e9 ainsi : 400 points sur le travail de l&rsquo;ann\u00e9e : les professeurs valident les comp\u00e9tences en fonction de votre travail et lors du conseil de classe du troisi\u00e8me trimestre, ils \u00e9valuent ensemble les\u2026 <a class=\"continue-reading-link\" href=\"https:\/\/salle209.fr\/?page_id=127\">Continue reading<\/a><\/p>\n","protected":false},"author":1,"featured_media":0,"parent":24,"menu_order":0,"comment_status":"closed","ping_status":"closed","template":"","meta":{"_et_pb_use_builder":"","_et_pb_old_content":"","_et_gb_content_width":"","footnotes":""},"_links":{"self":[{"href":"https:\/\/salle209.fr\/index.php?rest_route=\/wp\/v2\/pages\/127"}],"collection":[{"href":"https:\/\/salle209.fr\/index.php?rest_route=\/wp\/v2\/pages"}],"about":[{"href":"https:\/\/salle209.fr\/index.php?rest_route=\/wp\/v2\/types\/page"}],"author":[{"embeddable":true,"href":"https:\/\/salle209.fr\/index.php?rest_route=\/wp\/v2\/users\/1"}],"replies":[{"embeddable":true,"href":"https:\/\/salle209.fr\/index.php?rest_route=%2Fwp%2Fv2%2Fcomments&post=127"}],"version-history":[{"count":4,"href":"https:\/\/salle209.fr\/index.php?rest_route=\/wp\/v2\/pages\/127\/revisions"}],"predecessor-version":[{"id":134,"href":"https:\/\/salle209.fr\/index.php?rest_route=\/wp\/v2\/pages\/127\/revisions\/134"}],"up":[{"embeddable":true,"href":"https:\/\/salle209.fr\/index.php?rest_route=\/wp\/v2\/pages\/24"}],"wp:attachment":[{"href":"https:\/\/salle209.fr\/index.php?rest_route=%2Fwp%2Fv2%2Fmedia&parent=127"}],"curies":[{"name":"wp","href":"https:\/\/api.w.org\/{rel}","templated":true}]}}