{"id":136,"date":"2018-12-05T15:48:25","date_gmt":"2018-12-05T14:48:25","guid":{"rendered":"http:\/\/salle209.fr\/?page_id=136"},"modified":"2018-12-05T15:48:25","modified_gmt":"2018-12-05T14:48:25","slug":"lautobiographie","status":"publish","type":"page","link":"https:\/\/salle209.fr\/?page_id=136","title":{"rendered":"L&rsquo;autobiographie"},"content":{"rendered":"<p>Les 3\u00e8mesC ont fait le bilan du chapitre sur l&rsquo;autobiographie en choisissant ce qui convenait le mieux \u00e0 chacun :<\/p>\n<ul>\n<li>fiche<\/li>\n<li>carte mentale<\/li>\n<li>sketchnote<\/li>\n<\/ul>\n<p>Nous sommes tous diff\u00e9rents, optons pour ce qui est le mieux pour nous! L&rsquo;important est de faire un bilan pour clarifier et organiser ce qui a \u00e9t\u00e9 fait et das quel but cela a \u00e9t\u00e9 fait. Merci les 3C!\u00a0 <img loading=\"lazy\" decoding=\"async\" class=\"alignnone  wp-image-138\" src=\"http:\/\/salle209.fr\/wp-content\/uploads\/2018\/12\/IMG_9289-225x300.jpg\" alt=\"\" width=\"323\" height=\"431\" srcset=\"https:\/\/salle209.fr\/wp-content\/uploads\/2018\/12\/IMG_9289-225x300.jpg 225w, https:\/\/salle209.fr\/wp-content\/uploads\/2018\/12\/IMG_9289-768x1024.jpg 768w, https:\/\/salle209.fr\/wp-content\/uploads\/2018\/12\/IMG_9289-263x350.jpg 263w, https:\/\/salle209.fr\/wp-content\/uploads\/2018\/12\/IMG_9289-1080x1440.jpg 1080w, https:\/\/salle209.fr\/wp-content\/uploads\/2018\/12\/IMG_9289-113x150.jpg 113w\" sizes=\"(max-width: 323px) 100vw, 323px\" \/><\/p>\n<p><img loading=\"lazy\" decoding=\"async\" class=\"alignnone  wp-image-139\" src=\"http:\/\/salle209.fr\/wp-content\/uploads\/2018\/12\/IMG_9290-300x225.jpg\" alt=\"\" width=\"376\" height=\"282\" srcset=\"https:\/\/salle209.fr\/wp-content\/uploads\/2018\/12\/IMG_9290-300x225.jpg 300w, https:\/\/salle209.fr\/wp-content\/uploads\/2018\/12\/IMG_9290-768x576.jpg 768w, https:\/\/salle209.fr\/wp-content\/uploads\/2018\/12\/IMG_9290-1024x768.jpg 1024w, https:\/\/salle209.fr\/wp-content\/uploads\/2018\/12\/IMG_9290-467x350.jpg 467w, https:\/\/salle209.fr\/wp-content\/uploads\/2018\/12\/IMG_9290-510x382.jpg 510w, https:\/\/salle209.fr\/wp-content\/uploads\/2018\/12\/IMG_9290-1080x810.jpg 1080w, https:\/\/salle209.fr\/wp-content\/uploads\/2018\/12\/IMG_9290-150x113.jpg 150w\" sizes=\"(max-width: 376px) 100vw, 376px\" \/><\/p>\n<p><img loading=\"lazy\" decoding=\"async\" class=\"alignnone  wp-image-137\" src=\"http:\/\/salle209.fr\/wp-content\/uploads\/2018\/12\/IMG_9130-225x300.jpg\" alt=\"\" width=\"289\" height=\"385\" srcset=\"https:\/\/salle209.fr\/wp-content\/uploads\/2018\/12\/IMG_9130-225x300.jpg 225w, https:\/\/salle209.fr\/wp-content\/uploads\/2018\/12\/IMG_9130-768x1024.jpg 768w, https:\/\/salle209.fr\/wp-content\/uploads\/2018\/12\/IMG_9130-263x350.jpg 263w, https:\/\/salle209.fr\/wp-content\/uploads\/2018\/12\/IMG_9130-1080x1440.jpg 1080w, https:\/\/salle209.fr\/wp-content\/uploads\/2018\/12\/IMG_9130-113x150.jpg 113w\" sizes=\"(max-width: 289px) 100vw, 289px\" \/><\/p>\n","protected":false},"excerpt":{"rendered":"<p>Les 3\u00e8mesC ont fait le bilan du chapitre sur l&rsquo;autobiographie en choisissant ce qui convenait le mieux \u00e0 chacun : fiche carte mentale sketchnote Nous sommes tous diff\u00e9rents, optons pour ce qui est le mieux pour nous! L&rsquo;important est de faire un bilan pour clarifier et organiser ce qui a\u2026 <a class=\"continue-reading-link\" href=\"https:\/\/salle209.fr\/?page_id=136\">Continue reading<\/a><\/p>\n","protected":false},"author":1,"featured_media":0,"parent":11,"menu_order":0,"comment_status":"closed","ping_status":"closed","template":"","meta":{"_et_pb_use_builder":"","_et_pb_old_content":"","_et_gb_content_width":"","footnotes":""},"_links":{"self":[{"href":"https:\/\/salle209.fr\/index.php?rest_route=\/wp\/v2\/pages\/136"}],"collection":[{"href":"https:\/\/salle209.fr\/index.php?rest_route=\/wp\/v2\/pages"}],"about":[{"href":"https:\/\/salle209.fr\/index.php?rest_route=\/wp\/v2\/types\/page"}],"author":[{"embeddable":true,"href":"https:\/\/salle209.fr\/index.php?rest_route=\/wp\/v2\/users\/1"}],"replies":[{"embeddable":true,"href":"https:\/\/salle209.fr\/index.php?rest_route=%2Fwp%2Fv2%2Fcomments&post=136"}],"version-history":[{"count":1,"href":"https:\/\/salle209.fr\/index.php?rest_route=\/wp\/v2\/pages\/136\/revisions"}],"predecessor-version":[{"id":140,"href":"https:\/\/salle209.fr\/index.php?rest_route=\/wp\/v2\/pages\/136\/revisions\/140"}],"up":[{"embeddable":true,"href":"https:\/\/salle209.fr\/index.php?rest_route=\/wp\/v2\/pages\/11"}],"wp:attachment":[{"href":"https:\/\/salle209.fr\/index.php?rest_route=%2Fwp%2Fv2%2Fmedia&parent=136"}],"curies":[{"name":"wp","href":"https:\/\/api.w.org\/{rel}","templated":true}]}}