{"id":159,"date":"2019-02-10T14:09:10","date_gmt":"2019-02-10T13:09:10","guid":{"rendered":"http:\/\/salle209.fr\/?page_id=159"},"modified":"2019-02-10T14:09:51","modified_gmt":"2019-02-10T13:09:51","slug":"festicolo-le-premier-festival-ecolo","status":"publish","type":"page","link":"https:\/\/salle209.fr\/?page_id=159","title":{"rendered":"Festicolo : le premier festival \u00e9colo"},"content":{"rendered":"\n<p>Pour\n c\u00e9l\u00e9brer la Semaine du D\u00e9veloppement Durable 2018, les \u00e9co-d\u00e9l\u00e9gu\u00e9s ont\n organis\u00e9 le premier festival \u00e9colo du coll\u00e8ge Victor Hugo : le <strong>Festicolo<\/strong>.<\/p>\n\n\n\n<figure class=\"wp-block-image\"><img decoding=\"async\" src=\"http:\/\/www.collegevictorhugocachan.com\/ADI\/files\/users\/emeline.porthe\/Semaine-Europ%C3%A9enne-du-d%C3%A9veloppement-durable-2018.jpg\" alt=\"\"\/><\/figure>\n\n\n\n<figure class=\"wp-block-image\"><img decoding=\"async\" src=\"http:\/\/www.collegevictorhugocachan.com\/ADI\/files\/users\/emeline.porthe\/1.jpg\" alt=\"\"\/><\/figure>\n\n\n\n<p>Nous\n avons \u00e9t\u00e9 accueillis jeudi 7 juin par Mme Frova, la directrice de \nl&rsquo;\u00e9cole Paul Doumer, qui nous a permis d&rsquo;animer les activit\u00e9s aupr\u00e8s du \nCM1-CM2 de M.Lejeune, du CM1 de Mme Hurain et des \u00e9l\u00e8ves D\u00e9ficients \nVisuels de Mme Desousa-Goncalv\u00e8s.<\/p>\n\n\n\n<figure class=\"wp-block-image\"><img decoding=\"async\" src=\"http:\/\/www.collegevictorhugocachan.com\/ADI\/files\/users\/emeline.porthe\/IMG_5284.JPG\" alt=\"\"\/><\/figure>\n\n\n\n<figure class=\"wp-block-image\"><img decoding=\"async\" src=\"http:\/\/www.collegevictorhugocachan.com\/ADI\/files\/users\/emeline.porthe\/IMG_5285.JPG\" alt=\"\"\/><\/figure>\n\n\n\n<p>Les \u00e9co-d\u00e9l\u00e9gu\u00e9s avaient pr\u00e9par\u00e9 cinq ateliers :<\/p>\n\n\n\n<ul><li>&nbsp;l&rsquo;origami\n des grenouilles menac\u00e9es : Louise, Luce et Alexandre ont appris aux \nprimaires les menaces pesant sur les grenouilles, leur ont montr\u00e9 \ndiff\u00e9rentes sortes de dendrobates et chaque \u00e9l\u00e8ve est reparti avec sa \ngrenouille personnalis\u00e9e.<\/li><\/ul>\n\n\n\n<figure class=\"wp-block-image\"><img decoding=\"async\" src=\"http:\/\/www.collegevictorhugocachan.com\/ADI\/files\/users\/emeline.porthe\/IMG_5309.JPG\" alt=\"\"\/><\/figure>\n\n\n\n<figure class=\"wp-block-image\"><img decoding=\"async\" src=\"http:\/\/www.collegevictorhugocachan.com\/ADI\/files\/users\/emeline.porthe\/IMG_5303.JPG\" alt=\"\"\/><\/figure>\n\n\n\n<figure class=\"wp-block-image\"><img decoding=\"async\" src=\"http:\/\/www.collegevictorhugocachan.com\/ADI\/files\/users\/emeline.porthe\/IMG_5308.JPG\" alt=\"\"\/><\/figure>\n\n\n\n<figure class=\"wp-block-image\"><img decoding=\"async\" src=\"http:\/\/www.collegevictorhugocachan.com\/ADI\/files\/users\/emeline.porthe\/IMG_5327.JPG\" alt=\"\"\/><\/figure>\n\n\n\n<ul><li>&nbsp;le\n jeu de l&rsquo;oie \u00e9colo : les \u00e9l\u00e8ves se sont affront\u00e9s sur le jeu de l&rsquo;oie \net ses questions, cr\u00e9\u00e9s par C\u00e9dric et Maxence. Ils ont ainsi pu tester \nleurs connaissances pour tenter d&rsquo;atteindre l&rsquo;arriv\u00e9e.<\/li><\/ul>\n\n\n\n<figure class=\"wp-block-image\"><img decoding=\"async\" src=\"http:\/\/www.collegevictorhugocachan.com\/ADI\/files\/users\/emeline.porthe\/IMG_5288.JPG\" alt=\"\"\/><\/figure>\n\n\n\n<figure class=\"wp-block-image\"><img decoding=\"async\" src=\"http:\/\/www.collegevictorhugocachan.com\/ADI\/files\/users\/emeline.porthe\/IMG_5289.JPG\" alt=\"\"\/><\/figure>\n\n\n\n<figure class=\"wp-block-image\"><img decoding=\"async\" src=\"http:\/\/www.collegevictorhugocachan.com\/ADI\/files\/users\/emeline.porthe\/IMG_5313.JPG\" alt=\"\"\/><\/figure>\n\n\n\n<ul><li>&nbsp;le\n puzzle du cam\u00e9l\u00e9on : apr\u00e8s avoir r\u00e9fl\u00e9chi en \u00e9quipe pour reconstituer \nle puzzle dessin\u00e9 par Aline et Matthieu, les \u00e9l\u00e8ves ont pu \u00e9couter des \nanecdotes sur les habitudes des cam\u00e9l\u00e9ons et les explications sur les \nmenaces qui p\u00e8sent sur ces sauriens.<\/li><\/ul>\n\n\n\n<figure class=\"wp-block-image\"><img decoding=\"async\" src=\"http:\/\/www.collegevictorhugocachan.com\/ADI\/files\/users\/emeline.porthe\/IMG_5281.JPG\" alt=\"\"\/><\/figure>\n\n\n\n<figure class=\"wp-block-image\"><img decoding=\"async\" src=\"http:\/\/www.collegevictorhugocachan.com\/ADI\/files\/users\/emeline.porthe\/IMG_5323.JPG\" alt=\"\"\/><\/figure>\n\n\n\n<figure class=\"wp-block-image\"><img decoding=\"async\" src=\"http:\/\/www.collegevictorhugocachan.com\/ADI\/files\/users\/emeline.porthe\/IMG_5292.JPG\" alt=\"\"\/><\/figure>\n\n\n\n<ul><li>&nbsp;le\n jeu du tri et de la biod\u00e9gradabilit\u00e9 des d\u00e9chets : Cyril, Justin et \nAlexis ont mis \u00e0 l&rsquo;\u00e9preuve les primaires sur le tri des d\u00e9chets : \npoubelle classique, poubelle de recyclage, benne \u00e0 verre, d\u00e9chetterie. \nPuis ils les ont d\u00e9fi\u00e9s sur le temps de biod\u00e9gradabilit\u00e9 des d\u00e9chets de \nnotre quotidien.<\/li><\/ul>\n\n\n\n<figure class=\"wp-block-image\"><img decoding=\"async\" src=\"http:\/\/www.collegevictorhugocachan.com\/ADI\/files\/users\/emeline.porthe\/IMG_5314.JPG\" alt=\"\"\/><\/figure>\n\n\n\n<figure class=\"wp-block-image\"><img decoding=\"async\" src=\"http:\/\/www.collegevictorhugocachan.com\/ADI\/files\/users\/emeline.porthe\/IMG_5296.JPG\" alt=\"\"\/><\/figure>\n\n\n\n<figure class=\"wp-block-image\"><img decoding=\"async\" src=\"http:\/\/www.collegevictorhugocachan.com\/ADI\/files\/users\/emeline.porthe\/IMG_5299.JPG\" alt=\"\"\/><\/figure>\n\n\n\n<ul><li>&nbsp;le\n chamboule-tout pour la plan\u00e8te : Marie, Yon\u00e1 et Jeanne ont m\u00eal\u00e9 un jeu \nd&rsquo;adresse et de r\u00e9flexion : \u00e9viter les quilles de pollution et r\u00e9pondre \u00e0\n des questions, que ce soit sur l&rsquo;aspect positif et \u00e9cologique de notre \nplan\u00e8te comme sur les menaces \u00e0 combattre.<\/li><\/ul>\n\n\n\n<figure class=\"wp-block-image\"><img decoding=\"async\" src=\"http:\/\/www.collegevictorhugocachan.com\/ADI\/files\/users\/emeline.porthe\/IMG_5282.JPG\" alt=\"\"\/><\/figure>\n\n\n\n<figure class=\"wp-block-image\"><img decoding=\"async\" src=\"http:\/\/www.collegevictorhugocachan.com\/ADI\/files\/users\/emeline.porthe\/IMG_5310.JPG\" alt=\"\"\/><\/figure>\n\n\n\n<figure class=\"wp-block-image\"><img decoding=\"async\" src=\"http:\/\/www.collegevictorhugocachan.com\/ADI\/files\/users\/emeline.porthe\/IMG_5315.JPG\" alt=\"\"\/><\/figure>\n\n\n\n<p>A l&rsquo;an prochain pour le Festicolo 2!<\/p>\n","protected":false},"excerpt":{"rendered":"<p>Pour c\u00e9l\u00e9brer la Semaine du D\u00e9veloppement Durable 2018, les \u00e9co-d\u00e9l\u00e9gu\u00e9s ont organis\u00e9 le premier festival \u00e9colo du coll\u00e8ge Victor Hugo : le Festicolo. Nous avons \u00e9t\u00e9 accueillis jeudi 7 juin par Mme Frova, la directrice de l&rsquo;\u00e9cole Paul Doumer, qui nous a permis d&rsquo;animer les activit\u00e9s aupr\u00e8s du CM1-CM2 de\u2026 <a class=\"continue-reading-link\" href=\"https:\/\/salle209.fr\/?page_id=159\">Continue reading<\/a><\/p>\n","protected":false},"author":1,"featured_media":0,"parent":28,"menu_order":0,"comment_status":"closed","ping_status":"closed","template":"","meta":{"_et_pb_use_builder":"off","_et_pb_old_content":"","_et_gb_content_width":"","footnotes":""},"_links":{"self":[{"href":"https:\/\/salle209.fr\/index.php?rest_route=\/wp\/v2\/pages\/159"}],"collection":[{"href":"https:\/\/salle209.fr\/index.php?rest_route=\/wp\/v2\/pages"}],"about":[{"href":"https:\/\/salle209.fr\/index.php?rest_route=\/wp\/v2\/types\/page"}],"author":[{"embeddable":true,"href":"https:\/\/salle209.fr\/index.php?rest_route=\/wp\/v2\/users\/1"}],"replies":[{"embeddable":true,"href":"https:\/\/salle209.fr\/index.php?rest_route=%2Fwp%2Fv2%2Fcomments&post=159"}],"version-history":[{"count":1,"href":"https:\/\/salle209.fr\/index.php?rest_route=\/wp\/v2\/pages\/159\/revisions"}],"predecessor-version":[{"id":160,"href":"https:\/\/salle209.fr\/index.php?rest_route=\/wp\/v2\/pages\/159\/revisions\/160"}],"up":[{"embeddable":true,"href":"https:\/\/salle209.fr\/index.php?rest_route=\/wp\/v2\/pages\/28"}],"wp:attachment":[{"href":"https:\/\/salle209.fr\/index.php?rest_route=%2Fwp%2Fv2%2Fmedia&parent=159"}],"curies":[{"name":"wp","href":"https:\/\/api.w.org\/{rel}","templated":true}]}}