{"id":285,"date":"2019-02-10T15:01:13","date_gmt":"2019-02-10T14:01:13","guid":{"rendered":"http:\/\/salle209.fr\/?page_id=285"},"modified":"2019-02-10T15:06:38","modified_gmt":"2019-02-10T14:06:38","slug":"sentrainer-a-conjuguer-les-temps-composes","status":"publish","type":"page","link":"https:\/\/salle209.fr\/?page_id=285","title":{"rendered":"S&rsquo;entra\u00eener \u00e0 conjuguer les temps compos\u00e9s de l&rsquo;indicatif"},"content":{"rendered":"\n<figure class=\"wp-block-embed is-type-rich is-provider-learningapps-org\"><div class=\"wp-block-embed__wrapper\">\n<iframe class=\"wp-embedded-content\" sandbox=\"allow-scripts\" security=\"restricted\" src=\"http:\/\/LearningApps.org\/watch?id=pz6f3yvdt17#?secret=wGgNErOGeB\" data-secret=\"wGgNErOGeB\" frameborder=\"0\" width=\"950\" height=\"500\"><\/iframe>\n<\/div><\/figure>\n\n\n","protected":false},"excerpt":{"rendered":"<p> <a class=\"continue-reading-link\" href=\"https:\/\/salle209.fr\/?page_id=285\">Continue reading<\/a><\/p>\n","protected":false},"author":1,"featured_media":0,"parent":18,"menu_order":0,"comment_status":"closed","ping_status":"closed","template":"","meta":{"_et_pb_use_builder":"off","_et_pb_old_content":"","_et_gb_content_width":"","footnotes":""},"_links":{"self":[{"href":"https:\/\/salle209.fr\/index.php?rest_route=\/wp\/v2\/pages\/285"}],"collection":[{"href":"https:\/\/salle209.fr\/index.php?rest_route=\/wp\/v2\/pages"}],"about":[{"href":"https:\/\/salle209.fr\/index.php?rest_route=\/wp\/v2\/types\/page"}],"author":[{"embeddable":true,"href":"https:\/\/salle209.fr\/index.php?rest_route=\/wp\/v2\/users\/1"}],"replies":[{"embeddable":true,"href":"https:\/\/salle209.fr\/index.php?rest_route=%2Fwp%2Fv2%2Fcomments&post=285"}],"version-history":[{"count":4,"href":"https:\/\/salle209.fr\/index.php?rest_route=\/wp\/v2\/pages\/285\/revisions"}],"predecessor-version":[{"id":290,"href":"https:\/\/salle209.fr\/index.php?rest_route=\/wp\/v2\/pages\/285\/revisions\/290"}],"up":[{"embeddable":true,"href":"https:\/\/salle209.fr\/index.php?rest_route=\/wp\/v2\/pages\/18"}],"wp:attachment":[{"href":"https:\/\/salle209.fr\/index.php?rest_route=%2Fwp%2Fv2%2Fmedia&parent=285"}],"curies":[{"name":"wp","href":"https:\/\/api.w.org\/{rel}","templated":true}]}}