{"id":400,"date":"2020-12-06T16:29:15","date_gmt":"2020-12-06T15:29:15","guid":{"rendered":"http:\/\/salle209.fr\/?page_id=400"},"modified":"2020-12-06T16:35:27","modified_gmt":"2020-12-06T15:35:27","slug":"expliquer","status":"publish","type":"page","link":"https:\/\/salle209.fr\/?page_id=400","title":{"rendered":"Expliquer"},"content":{"rendered":"<p>[et_pb_section fb_built=\u00a0\u00bb1&Prime; _builder_version=\u00a0\u00bb4.4.2&Prime;][et_pb_row _builder_version=\u00a0\u00bb4.4.2&Prime;][et_pb_column type=\u00a0\u00bb4_4&Prime; _builder_version=\u00a0\u00bb4.4.2&Prime;][et_pb_video src=\u00a0\u00bbhttp:\/\/salle209.fr\/wp-content\/uploads\/2020\/12\/Enregistrement-9.mp4&Prime; _builder_version=\u00a0\u00bb4.4.2&Prime;][\/et_pb_video][et_pb_text _builder_version=\u00a0\u00bb4.4.2&Prime; hover_enabled=\u00a0\u00bb0&Prime;]<\/p>\n<p>La diff\u00e9rence entre \u00ab\u00a0raconter\u00a0\u00bb et \u00ab\u00a0expliquer\u00a0\u00bb.<\/p>\n<p>La m\u00e9thode pour r\u00e9pondre \u00e0 une question sur un texte.<\/p>\n<p>[\/et_pb_text][\/et_pb_column][\/et_pb_row][et_pb_row _builder_version=\u00a0\u00bb4.4.2&Prime;][et_pb_column _builder_version=\u00a0\u00bb4.4.2&Prime; type=\u00a0\u00bb4_4&Prime;][et_pb_blog _builder_version=\u00a0\u00bb4.4.2&Prime; hover_enabled=\u00a0\u00bb0&Prime;][\/et_pb_blog][\/et_pb_column][\/et_pb_row][\/et_pb_section]<\/p>\n","protected":false},"excerpt":{"rendered":"<p>La diff\u00e9rence entre \u00ab\u00a0raconter\u00a0\u00bb et&#8230;<\/p>\n<p> <a class=\"continue-reading-link\" href=\"https:\/\/salle209.fr\/?page_id=400\">Continue reading<\/a><\/p>\n","protected":false},"author":1,"featured_media":0,"parent":394,"menu_order":0,"comment_status":"closed","ping_status":"closed","template":"","meta":{"_et_pb_use_builder":"on","_et_pb_old_content":"","_et_gb_content_width":"","footnotes":""},"_links":{"self":[{"href":"https:\/\/salle209.fr\/index.php?rest_route=\/wp\/v2\/pages\/400"}],"collection":[{"href":"https:\/\/salle209.fr\/index.php?rest_route=\/wp\/v2\/pages"}],"about":[{"href":"https:\/\/salle209.fr\/index.php?rest_route=\/wp\/v2\/types\/page"}],"author":[{"embeddable":true,"href":"https:\/\/salle209.fr\/index.php?rest_route=\/wp\/v2\/users\/1"}],"replies":[{"embeddable":true,"href":"https:\/\/salle209.fr\/index.php?rest_route=%2Fwp%2Fv2%2Fcomments&post=400"}],"version-history":[{"count":3,"href":"https:\/\/salle209.fr\/index.php?rest_route=\/wp\/v2\/pages\/400\/revisions"}],"predecessor-version":[{"id":406,"href":"https:\/\/salle209.fr\/index.php?rest_route=\/wp\/v2\/pages\/400\/revisions\/406"}],"up":[{"embeddable":true,"href":"https:\/\/salle209.fr\/index.php?rest_route=\/wp\/v2\/pages\/394"}],"wp:attachment":[{"href":"https:\/\/salle209.fr\/index.php?rest_route=%2Fwp%2Fv2%2Fmedia&parent=400"}],"curies":[{"name":"wp","href":"https:\/\/api.w.org\/{rel}","templated":true}]}}