{"id":434,"date":"2021-04-25T11:06:00","date_gmt":"2021-04-25T09:06:00","guid":{"rendered":"http:\/\/salle209.fr\/?page_id=434"},"modified":"2021-04-25T11:06:00","modified_gmt":"2021-04-25T09:06:00","slug":"entrainement-comparaison-et-metaphore","status":"publish","type":"page","link":"https:\/\/salle209.fr\/?page_id=434","title":{"rendered":"Entra\u00eenement comparaison et m\u00e9taphore"},"content":{"rendered":"\n<p>Bonjour,<\/p>\n\n\n\n<p>Voici des exercices en ligne pour vous entra\u00eener \u00e0 reconnaitre les comparaisons et les m\u00e9taphores. Prenez votre fiche \u00e0 c\u00f4t\u00e9 de vous pour faire les exercices en la regardant.<\/p>\n\n\n\n<p>Sur les sites, descendez en bas de la page pour trouver l&rsquo;exercice. Une fois termin\u00e9, vous pouvez v\u00e9rifier les r\u00e9ponses. Si quelque chose reste flou, vous pouvez me contacter sur Pronote.<\/p>\n\n\n\n<p><a href=\"https:\/\/www.francaisfacile.com\/exercices\/exercice-francais-2\/exercice-francais-115946.php\">https:\/\/www.francaisfacile.com\/exercices\/exercice-francais-2\/exercice-francais-115946.php<\/a><\/p>\n\n\n\n<p><a href=\"https:\/\/www.francaisfacile.com\/exercices\/exercice-francais-2\/exercice-francais-122544.php\">https:\/\/www.francaisfacile.com\/exercices\/exercice-francais-2\/exercice-francais-122544.php<\/a><\/p>\n\n\n\n<p><a href=\"https:\/\/www.francaisfacile.com\/exercices\/exercice-francais-2\/exercice-francais-64133.php\">https:\/\/www.francaisfacile.com\/exercices\/exercice-francais-2\/exercice-francais-64133.php<\/a><\/p>\n\n\n\n<p>Pour cet exercice, la correction est \u00e9crite en bas de la page, descendez seulement quand vous avez termin\u00e9 : <a href=\"https:\/\/plumedorphee.wordpress.com\/2018\/01\/05\/metaphore-et-comparaison\/ \">https:\/\/plumedorphee.wordpress.com\/2018\/01\/05\/metaphore-et-comparaison\/ <\/a><\/p>\n\n\n\n<p>Bonne journ\u00e9e. Qu&rsquo;elle soit comme douce <strong><em>comme un nuage<\/em><\/strong> (comparaison). Soyez <em><strong>les chevaliers<\/strong><\/em> de la comparaison et de la m\u00e9taphore (m\u00e9taphore).<\/p>\n","protected":false},"excerpt":{"rendered":"<p>Bonjour, Voici des exercices en ligne pour vous entra\u00eener \u00e0 reconnaitre les comparaisons et les m\u00e9taphores. Prenez votre fiche \u00e0 c\u00f4t\u00e9 de vous pour faire les exercices en la regardant. Sur les sites, descendez en bas de la page pour trouver l&rsquo;exercice. Une fois termin\u00e9, vous pouvez v\u00e9rifier les r\u00e9ponses.\u2026 <a class=\"continue-reading-link\" href=\"https:\/\/salle209.fr\/?page_id=434\">Continue reading<\/a><\/p>\n","protected":false},"author":1,"featured_media":0,"parent":437,"menu_order":0,"comment_status":"closed","ping_status":"closed","template":"","meta":{"_et_pb_use_builder":"off","_et_pb_old_content":"","_et_gb_content_width":"","footnotes":""},"_links":{"self":[{"href":"https:\/\/salle209.fr\/index.php?rest_route=\/wp\/v2\/pages\/434"}],"collection":[{"href":"https:\/\/salle209.fr\/index.php?rest_route=\/wp\/v2\/pages"}],"about":[{"href":"https:\/\/salle209.fr\/index.php?rest_route=\/wp\/v2\/types\/page"}],"author":[{"embeddable":true,"href":"https:\/\/salle209.fr\/index.php?rest_route=\/wp\/v2\/users\/1"}],"replies":[{"embeddable":true,"href":"https:\/\/salle209.fr\/index.php?rest_route=%2Fwp%2Fv2%2Fcomments&post=434"}],"version-history":[{"count":3,"href":"https:\/\/salle209.fr\/index.php?rest_route=\/wp\/v2\/pages\/434\/revisions"}],"predecessor-version":[{"id":441,"href":"https:\/\/salle209.fr\/index.php?rest_route=\/wp\/v2\/pages\/434\/revisions\/441"}],"up":[{"embeddable":true,"href":"https:\/\/salle209.fr\/index.php?rest_route=\/wp\/v2\/pages\/437"}],"wp:attachment":[{"href":"https:\/\/salle209.fr\/index.php?rest_route=%2Fwp%2Fv2%2Fmedia&parent=434"}],"curies":[{"name":"wp","href":"https:\/\/api.w.org\/{rel}","templated":true}]}}